greatest common factor of 1411 and 59315618.
1411
Calculate the greatest common divisor of 2347758 and 378.
378
What is the greatest common factor of 814 and 44724053?
11
What is the highest common divisor of 125418496 and 1792?
1792
What is the highest common factor of 588499440 and 11376?
3792
Calculate the greatest common factor of 658255 and 1092937.
779
Calculate the greatest common divisor of 38660 and 23680.
20
Calculate the highest common factor of 720985 and 3485.
205
What is the highest common factor of 229830 and 790446?
282
What is the greatest common factor of 4116945 and 12?
3
Calculate the highest common divisor of 425 and 4175693.
17
Calculate the highest common factor of 993668 and 807040.
5044
What is the greatest common divisor of 62972 and 8778?
14
Calculate the greatest common divisor of 324656521 and 2170.
217
Calculate the highest common factor of 31254206 and 371.
53
Calculate the greatest common factor of 147 and 2724449.
49
What is the greatest common factor of 9842 and 15239?
7
What is the greatest common divisor of 4661205 and 240?
15
What is the greatest common factor of 10 and 11114650?
10
What is the highest common factor of 196 and 8730183?
49
What is the highest common factor of 10072 and 58628?
4
Calculate the highest common factor of 928524 and 1038.
6
What is the greatest common divisor of 232861 and 1?
1
What is the highest common factor of 157835840 and 20?
20
Calculate the highest common factor of 931767 and 7347.
93
What is the greatest common divisor of 142 and 141727147?
71
Calculate the greatest common factor of 42844596 and 156.
12
Calculate the highest common factor of 58006416 and 442.
26
What is the highest common factor of 36449 and 159485203?
5207
Calculate the highest common divisor of 75524800 and 3200.
1600
What is the highest common factor of 18941 and 526721?
403
What is the highest common factor of 9805485 and 45?
15
Calculate the greatest common factor of 689 and 2809372007.
689
Calculate the greatest common divisor of 5997490 and 2890.
10
Calculate the highest common divisor of 38932803 and 9.
9
What is the greatest common factor of 756 and 8366796?
36
Calculate the highest common factor of 694 and 33899818.
694
What is the greatest common divisor of 710 and 6091430?
10
What is the highest common divisor of 1730531 and 44?
11
What is the highest common factor of 367018992 and 432?
432
Calculate the highest common factor of 504 and 751569.
21
Calculate the highest common factor of 1284 and 966204.
12
Calculate the greatest common factor of 7399359 and 930.
93
What is the greatest common factor of 152784 and 17019501?
3183
Calculate the greatest common divisor of 3070449 and 2355.
471
What is the greatest common factor of 679 and 52774111?
97
What is the highest common divisor of 356124780 and 4950?
990
What is the highest common divisor of 36144999 and 3267?
1089
What is the highest common factor of 1148053948 and 380?
76
Calculate the highest common divisor of 57 and 29133327.
57
What is the greatest common factor of 2036 and 16348?
4
What is the highest common factor of 9682518 and 26442?
678
Calculate the highest common factor of 286551960 and 1002.
1002
What is the highest common factor of 281659 and 112?
7
Calculate the highest common divisor of 1030 and 490570.
10
What is the highest common divisor of 14135102 and 472?
118
Calculate the highest common divisor of 31 and 126104032.
31
What is the highest common divisor of 1343 and 30182582?
1343
Calculate the greatest common divisor of 21175 and 23947.
77
Calculate the highest common divisor of 877814588 and 56.
28
What is the highest common factor of 102749 and 1073?
37
What is the greatest common divisor of 460 and 29766784?
92
Calculate the greatest common factor of 3035 and 108865.
5
Calculate the highest common factor of 14467 and 424235.
391
What is the greatest common factor of 4109941 and 22?
11
Calculate the greatest common divisor of 4 and 5714598.
2
What is the greatest common factor of 128 and 270557888?
64
What is the highest common divisor of 2097 and 505144?
233
Calculate the highest common divisor of 9131 and 2816948.
23
What is the greatest common divisor of 1136480 and 15?
5
Calculate the highest common divisor of 602748 and 36.
36
Calculate the greatest common factor of 540045 and 2772.
99
Calculate the greatest common divisor of 803 and 500542823.
803
Calculate the greatest common divisor of 1642948227 and 711.
711
What is the highest common divisor of 960 and 58874610?
30
Calculate the greatest common divisor of 2237274 and 10998.
234
Calculate the highest common divisor of 146205 and 275238.
81
What is the greatest common factor of 1701511 and 1043?
7
What is the highest common factor of 9139 and 3362411?
247
What is the greatest common factor of 2485177 and 2573?
31
What is the highest common divisor of 392163008 and 4672?
4672
Calculate the greatest common divisor of 874319336 and 11.
11
Calculate the greatest common divisor of 2035 and 1465970.
55
What is the greatest common factor of 183 and 2387296?
61
Calculate the highest common divisor of 1010 and 154930.
10
What is the highest common divisor of 575722 and 3416694?
1394
What is the highest common factor of 31228 and 169756?
148
What is the highest common factor of 2728 and 139887128?
248
Calculate the greatest common factor of 350 and 13572650.
350
What is the highest common divisor of 564690 and 137130?
210
Calculate the greatest common factor of 12 and 1707148.
4
Calculate the highest common divisor of 209763 and 538803.
4113
Calculate the highest common factor of 2244 and 3560072.
68
What is the greatest common factor of 126 and 9690086?
14
What is the highest common factor of 164 and 16181634?
82
Calculate the greatest common factor of 1804285006 and 3858.
1286
Calculate the greatest common factor of 4 and 16203544.
4
What is the highest common divisor of 180871184 and 7904?
3952
Calculate the greatest common factor of 55232 and 5.
1
Calculate the highest common factor of 226 and 47459774.
226
What is the highest common divisor of 329 and 2206771?
7
Calculate the greatest common factor of 275 and 1825375.
25
What is the highest common factor of 455393427 and 5898?
2949
What is the highest common factor of 1106438 and 1206?
134
Calculate the highest common factor of 43506 and 76746.
6
Calculate the greatest common divisor of 373328 and 64.
16
Calculate the greatest common factor of 8 and 30798728.
8
Calculate the greatest common divisor of 73359 and 8472087.
351
What is the highest common divisor of 37750 and 2808902?
302
Calculate the greatest common factor of 192427 and 17524.
337
Calculate the highest common factor of 37963797 and 387.
129
What is the greatest common divisor of 800856 and 280118?
454
What is the greatest common divisor of 15308 and 609828?
356
What is the greatest common divisor of 156 and 58392087?
39
Calculate the highest common factor of 403613 and 1323.
49
Calculate the highest common divisor of 819616 and 224.
224
What is the greatest common divisor of 6072 and 2018544?
264
Calculate the highest common divisor of 51264 and 519696.
144
Calculate the greatest common divisor of 11387048 and 8.
8
Calculate the highest common factor of 229448 and 101152.
232
Calculate the greatest common divisor of 16 and 139028240.
16
Calculate the highest common divisor of 76338036 and 18.
18
Calculate the highest common divisor of 6165612 and 1134.
54
Calculate the highest common divisor of 206338 and 40006.
166
Calculate the highest common factor of 250 and 1330690.
10
What is the greatest common factor of 2916 and 298542996?
2916
What is the greatest common divisor of 946 and 11130163?
473
What is the greatest common factor of 740175 and 200433?
213
What is the highest common factor of 266 and 44694958?
14
Calculate the greatest common factor of 1925 and 334075.
175
What is the highest common divisor of 17582911 and 222622?
1409
Calculate the highest common divisor of 262 and 5911768.
262
What is the highest common divisor of 1480 and 67021800?
1480
Calculate the greatest common factor of 11748 and 298239.
267
Calculate the highest common divisor of 243447457 and 407.
407
What is the greatest common divisor of 154 and 138094?
22
Calculate 